[INFO] cloning repository https://github.com/psyto/hashmap
[INFO] running `Command { std: "git" "-c" "credential.helper=" "-c" "credential.helper=/workspace/cargo-home/bin/git-credential-null" "clone" "--bare" "https://github.com/psyto/hashmap" "/workspace/cache/git-repos/https%3A%2F%2Fgithub.com%2Fpsyto%2Fhashmap", kill_on_drop: false }`
[INFO] [stderr] Cloning into bare repository '/workspace/cache/git-repos/https%3A%2F%2Fgithub.com%2Fpsyto%2Fhashmap'...
[INFO] running `Command { std: "git" "rev-parse" "HEAD", kill_on_drop: false }`
[INFO] [stdout] 3f66541e3226d6047ddc20ef82519eeec495ae5f
[INFO] checking psyto/hashmap against try#72f88fc4e9458f89516a0b8b0868f3718aec5b47 for pr-74989
[INFO] running `Command { std: "git" "clone" "/workspace/cache/git-repos/https%3A%2F%2Fgithub.com%2Fpsyto%2Fhashmap" "/workspace/builds/worker-3/source", kill_on_drop: false }`
[INFO] [stderr] Cloning into '/workspace/builds/worker-3/source'...
[INFO] [stderr] done.
[INFO] validating manifest of git repo https://github.com/psyto/hashmap on toolchain 72f88fc4e9458f89516a0b8b0868f3718aec5b47
[INFO] running `Command { std: "/workspace/cargo-home/bin/cargo" "+72f88fc4e9458f89516a0b8b0868f3718aec5b47" "read-manifest" "--manifest-path" "Cargo.toml", kill_on_drop: false }`
[INFO] started tweaking git repo https://github.com/psyto/hashmap
[INFO] finished tweaking git repo https://github.com/psyto/hashmap
[INFO] tweaked toml for git repo https://github.com/psyto/hashmap written to /workspace/builds/worker-3/source/Cargo.toml
[INFO] crate git repo https://github.com/psyto/hashmap already has a lockfile, it will not be regenerated
[INFO] running `Command { std: "/workspace/cargo-home/bin/cargo" "+72f88fc4e9458f89516a0b8b0868f3718aec5b47" "fetch" "--locked" "--manifest-path" "Cargo.toml", kill_on_drop: false }`
[INFO] running `Command { std: "docker" "create" "-v" "/var/lib/crater-agent-workspace/builds/worker-3/target:/opt/rustwide/target:rw,Z" "-v" "/var/lib/crater-agent-workspace/builds/worker-3/source:/opt/rustwide/workdir:ro,Z" "-v" "/var/lib/crater-agent-workspace/cargo-home:/opt/rustwide/cargo-home:ro,Z" "-v" "/var/lib/crater-agent-workspace/rustup-home:/opt/rustwide/rustup-home:ro,Z" "-e" "SOURCE_DIR=/opt/rustwide/workdir" "-e" "CARGO_TARGET_DIR=/opt/rustwide/target" "-e" "CARGO_HOME=/opt/rustwide/cargo-home" "-e" "RUSTUP_HOME=/opt/rustwide/rustup-home" "-w" "/opt/rustwide/workdir" "-m" "1610612736" "--user" "0:0" "--network" "none" "rustops/crates-build-env@sha256:d92eaeed33fa75130ca1ee6c8a01d1ffb62bac859dfdfb3450e3e5d1c0146529" "/opt/rustwide/cargo-home/bin/cargo" "+72f88fc4e9458f89516a0b8b0868f3718aec5b47" "metadata" "--no-deps" "--format-version=1", kill_on_drop: false }`
[INFO] [stdout] 583b16123d9455af9d312b776a37452cb730d15a3665058a1080ccdd1a098181
[INFO] [stderr] WARNING: Your kernel does not support swap limit capabilities or the cgroup is not mounted. Memory limited without swap.
[INFO] running `Command { std: "docker" "start" "-a" "583b16123d9455af9d312b776a37452cb730d15a3665058a1080ccdd1a098181", kill_on_drop: false }`
[INFO] running `Command { std: "docker" "inspect" "583b16123d9455af9d312b776a37452cb730d15a3665058a1080ccdd1a098181", kill_on_drop: false }`
[INFO] running `Command { std: "docker" "rm" "-f" "583b16123d9455af9d312b776a37452cb730d15a3665058a1080ccdd1a098181", kill_on_drop: false }`
[INFO] [stdout] 583b16123d9455af9d312b776a37452cb730d15a3665058a1080ccdd1a098181
[INFO] running `Command { std: "docker" "create" "-v" "/var/lib/crater-agent-workspace/builds/worker-3/target:/opt/rustwide/target:rw,Z" "-v" "/var/lib/crater-agent-workspace/builds/worker-3/source:/opt/rustwide/workdir:ro,Z" "-v" "/var/lib/crater-agent-workspace/cargo-home:/opt/rustwide/cargo-home:ro,Z" "-v" "/var/lib/crater-agent-workspace/rustup-home:/opt/rustwide/rustup-home:ro,Z" "-e" "SOURCE_DIR=/opt/rustwide/workdir" "-e" "CARGO_TARGET_DIR=/opt/rustwide/target" "-e" "CARGO_INCREMENTAL=0" "-e" "RUST_BACKTRACE=full" "-e" "RUSTFLAGS=--cap-lints=forbid" "-e" "CARGO_HOME=/opt/rustwide/cargo-home" "-e" "RUSTUP_HOME=/opt/rustwide/rustup-home" "-w" "/opt/rustwide/workdir" "-m" "1610612736" "--user" "0:0" "--network" "none" "rustops/crates-build-env@sha256:d92eaeed33fa75130ca1ee6c8a01d1ffb62bac859dfdfb3450e3e5d1c0146529" "/opt/rustwide/cargo-home/bin/cargo" "+72f88fc4e9458f89516a0b8b0868f3718aec5b47" "check" "--frozen" "--all" "--all-targets" "--message-format=json", kill_on_drop: false }`
[INFO] [stdout] 578c49fabd8b09e81f62c3fe21f81bab62ceb2d97ee6e5f4c682f904751210e0
[INFO] [stderr] WARNING: Your kernel does not support swap limit capabilities or the cgroup is not mounted. Memory limited without swap.
[INFO] running `Command { std: "docker" "start" "-a" "578c49fabd8b09e81f62c3fe21f81bab62ceb2d97ee6e5f4c682f904751210e0", kill_on_drop: false }`
[INFO] [stderr]     Checking hashmap v0.1.0 (/opt/rustwide/workdir)
[INFO] [stdout] error[E0277]: `Bucket<K, V>` is not an iterator
[INFO] [stdout]   --> src/lib.rs:32:40
[INFO] [stdout]    |
[INFO] [stdout] 32 |         for &mut (ref ekey, evalue) in bucket {
[INFO] [stdout]    |                                        ^^^^^^ `Bucket<K, V>` is not an iterator
[INFO] [stdout]    |
[INFO] [stdout]    = help: the trait `Iterator` is not implemented for `Bucket<K, V>`
[INFO] [stdout]    = note: required because of the requirements on the impl of `Iterator` for `&mut Bucket<K, V>`
[INFO] [stdout] 
[INFO] [stdout] 
[INFO] [stdout] error[E0277]: `Bucket<K, V>` is not an iterator
[INFO] [stdout]   --> src/lib.rs:32:40
[INFO] [stdout]    |
[INFO] [stdout] 32 |         for &mut (ref ekey, evalue) in bucket {
[INFO] [stdout]    |                                        ^^^^^^ `Bucket<K, V>` is not an iterator
[INFO] [stdout]    |
[INFO] [stdout]    = help: the trait `Iterator` is not implemented for `Bucket<K, V>`
[INFO] [stdout]    = note: required because of the requirements on the impl of `Iterator` for `&mut Bucket<K, V>`
[INFO] [stdout] 
[INFO] [stdout] 
[INFO] [stdout] error[E0277]: can't compare `&_` with `K`
[INFO] [stdout]   --> src/lib.rs:33:21
[INFO] [stdout]    |
[INFO] [stdout] 33 |             if ekey == key {
[INFO] [stdout]    |                     ^^ no implementation for `&_ == K`
[INFO] [stdout]    |
[INFO] [stdout]    = help: the trait `PartialEq<K>` is not implemented for `&_`
[INFO] [stdout] 
[INFO] [stdout] 
[INFO] [stdout] error[E0277]: can't compare `&_` with `K`
[INFO] [stdout]   --> src/lib.rs:33:21
[INFO] [stdout]    |
[INFO] [stdout] 33 |             if ekey == key {
[INFO] [stdout]    |                     ^^ no implementation for `&_ == K`
[INFO] [stdout]    |
[INFO] [stdout]    = help: the trait `PartialEq<K>` is not implemented for `&_`
[INFO] [stdout] 
[INFO] [stdout] 
[INFO] [stdout] error[E0599]: no method named `push` found for mutable reference `&mut Bucket<K, V>` in the current scope
[INFO] [stdout]   --> src/lib.rs:39:16
[INFO] [stdout]    |
[INFO] [stdout] 39 |         bucket.push((key, value));
[INFO] [stdout]    |                ^^^^ method not found in `&mut Bucket<K, V>`
[INFO] [stdout] 
[INFO] [stdout] 
[INFO] [stdout] error[E0599]: no method named `push` found for mutable reference `&mut Bucket<K, V>` in the current scope
[INFO] [stdout]   --> src/lib.rs:39:16
[INFO] [stdout]    |
[INFO] [stdout] 39 |         bucket.push((key, value));
[INFO] [stdout]    |                ^^^^ method not found in `&mut Bucket<K, V>`
[INFO] [stdout] 
[INFO] [stdout] 
[INFO] [stdout] error: aborting due to 3 previous errors
[INFO] [stdout] 
[INFO] [stdout] 
[INFO] [stdout] Some errors have detailed explanations: E0277, E0599.
[INFO] [stdout] 
[INFO] [stdout] For more information about an error, try `rustc --explain E0277`.
[INFO] [stdout] 
[INFO] [stdout] error: aborting due to 3 previous errors
[INFO] [stdout] 
[INFO] [stdout] 
[INFO] [stdout] Some errors have detailed explanations: E0277, E0599.
[INFO] [stdout] 
[INFO] [stdout] For more information about an error, try `rustc --explain E0277`.
[INFO] [stdout] 
[INFO] [stderr] error: could not compile `hashmap`.
[INFO] [stderr] 
[INFO] [stderr] To learn more, run the command again with --verbose.
[INFO] [stderr] warning: build failed, waiting for other jobs to finish...
[INFO] [stderr] error: build failed
[INFO] running `Command { std: "docker" "inspect" "578c49fabd8b09e81f62c3fe21f81bab62ceb2d97ee6e5f4c682f904751210e0", kill_on_drop: false }`
[INFO] running `Command { std: "docker" "rm" "-f" "578c49fabd8b09e81f62c3fe21f81bab62ceb2d97ee6e5f4c682f904751210e0", kill_on_drop: false }`
[INFO] [stdout] 578c49fabd8b09e81f62c3fe21f81bab62ceb2d97ee6e5f4c682f904751210e0
